
Suppose y - 2542 = -918. Suppose -8*a = o - 6*a + 406, 4*o + 4*a + y = 0. Let d = o + 593. Is d a composite number?
True
Let y(b) = b - 2*b - 188 + 14*b**2 + 207. Is y(4) composite?
False
Suppose 799 = g - 216. Let c(r) = r + 1628. Let f be c(0). Let y = f - g. Is y a prime number?
True
Let k = 140 - 36. Is 0 + 1 - 13/(k/(-4464)) a composite number?
True
Let x = 5 + -5. Let y = -841 + 3338. Suppose x = m - y + 44. Is m prime?
False
Let s = 652266 - 441259. Is s composite?
False
Let w(p) = 32411*p**2 - 63*p - 63. Is w(-1) prime?
True
Let s(m) = m + 7. Let o be s(-5). Let j be ((-102)/(-119))/(o/168). Let g = j - -61. Is g a prime number?
False
Suppose 10 = -5*w + 5*b - 0*b, 5*w = 4*b - 11. Is w + ((-188)/8)/(2/(-688)) prime?
True
Let f(a) = 2356*a + 179. Is f(8) a composite number?
True
Let w be 5/15*-3 + 6. Let g = 7 - w. Suppose 1796 + 169 = g*x + f, x - 982 = -f. Is x prime?
True
Let j(v) = -112*v + 159. Suppose 3*t = -0*t - 5*i - 82, -3*t - 90 = -3*i. Is j(t) a composite number?
False
Suppose -2*z = -26366 - 51672. Is z prime?
True
Let t(v) = 8*v**2 - 4*v**3 - 3*v**2 - 3*v - 3 + 3*v**3 + v. Let l be t(4). Suppose -6*f = -l*p - 5*f + 6098, -6107 = -5*p + 4*f. Is p composite?
True
Let a = 119207 + -49164. Is a a prime number?
False
Suppose -4*m + 14 = 4*i - 90, -2*m - i + 52 = 0. Suppose -m*y + 24*y + 6 = 0. Suppose 4*j - 1015 = -5*u, -u - j = y*j - 203. Is u prime?
False
Suppose 40 = -5*g + 60. Suppose -g*t - 2*z + 24 = 2*z, 12 = 3*z. Suppose t*v - 5042 = -3*h, 3*v + v - 4*h = 10044. Is v a prime number?
False
Suppose 5*r = 2*z - 72514, 31*z - 36*z + 181255 = -5*r. Is z prime?
False
Suppose -2*n + 16 = -3*q, 3*q - 4 = 4*n - 30. Suppose -3*d - d + 2*m + 111766 = 0, -n*m + 139700 = 5*d. Is d a prime number?
True
Suppose 128*g - 3412734 = 50*g. Is g a prime number?
True
Suppose 0 = -y + 2, o - 12 = 6*o + 4*y. Let c be (-2 - o) + -2 + 2791. Suppose 0 = -5*b - 3*w + c, -3*w - 607 = -4*b + 1615. Is b prime?
True
Suppose 3*w = -5*d + 6, -3*w + 2 + 1 = 4*d. Is 8/(-2) + 2484 + d/(-3) prime?
False
Suppose 4*z - 65634 - 83714 = -0*z. Is z a prime number?
True
Let a(i) = 451*i**2 + 20*i - 232. Is a(11) a prime number?
True
Let i = 64 - 70. Let s be (-2)/(-4) - (34119/i + -1). Suppose 8*t - s = 9232. Is t composite?
True
Let y(o) = 16*o + 1045. Is y(-11) composite?
True
Suppose 991*k = 989*k + t + 250483, -4*t - 500960 = -4*k. Is k composite?
False
Let b(h) = 485*h**2 - 49*h - 1427. Is b(-24) prime?
True
Suppose -20*v - 108 = -32*v. Let b(z) = -6*z**2 + z**3 + z**3 - 4*z**2 + 2*z + 7. Is b(v) a prime number?
True
Let r(l) = -2*l**2 - 69*l + 35. Let a be r(-35). Suppose 5*u - 9*u + 9628 = a. Is u prime?
False
Suppose -226*h + 240*h - 13519520 = 0. Is ((h/(-24))/10)/(1/(-3)) prime?
True
Is (((-2151)/(-12))/1)/(106973/7636 - 14) prime?
False
Let p(q) = -25063*q - 69. Is p(-14) a prime number?
False
Suppose -1620*q + 1626*q = 117354. Is q a composite number?
False
Let t be (4396/(-35))/(8/(-20)). Is (-1)/(8/t*(-1)/4) a prime number?
True
Suppose 2*z + 6351 = 5*t, 3*z + 2552 = 2*t + 8*z. Is t composite?
True
Let b = -9307 + 13800. Is b composite?
False
Let d be 10/2 - (2 + 1). Is d + 14/(-4) + (-229401)/(-18) a composite number?
False
Let v = 37 + -48. Let m(a) = 17*a**2 - 8*a - 23. Is m(v) a prime number?
False
Let p(u) = -u**3 + 4*u**2 + 7*u - 11. Let b be p(5). Let z be b*2 + (-15)/9*-30. Suppose 249 - z = g. Is g prime?
False
Let q(m) = 15589*m**2 + 65*m + 25. Is q(3) a composite number?
False
Let y = 102012 - 39091. Is y prime?
True
Let b = 391 - 379. Suppose 3*p - 53 = 340. Let j = p - b. Is j prime?
False
Let f be 250/(-15) - 6/(-9). Is (3/6)/((f/(-4))/54904) a composite number?
False
Let r = 31634 - 9679. Is r composite?
True
Let n(g) = -8*g - 11*g**2 - 3*g**3 + 0*g**3 + 8 + g**3. Suppose 0 = 2*w - 5*v + 34, -9 = -85*w + 88*w + 3*v. Is n(w) prime?
True
Let k = -231 + 233. Is 29595/1*k/6 composite?
True
Let k be (5107 - 1) + (0 - -4)*-1. Let q = 8149 - k. Is q a composite number?
True
Let q = 1415 + -17. Suppose -q = -3*b + 495. Is b prime?
True
Suppose 3*z - 11*z = -48. Suppose 3*a - 2 = 1, z = 2*b - 4*a. Suppose -b*u = 2*n - 6914, 672 = -n + 4*u + 4129. Is n prime?
True
Let r(y) = 55*y**3 + 20*y**2 + 39*y - 239. Is r(10) a composite number?
True
Let r(g) = 261*g**2 + 50*g - 1301. Is r(18) a composite number?
False
Suppose 5*z + 2*g = -0*g + 30, -z = 2*g - 14. Suppose -2 = -5*a + z*r + 4, 0 = -2*a + 3*r + 1. Is 4*(-2019)/(-24)*a a prime number?
True
Let n(m) = 2*m - 21. Let s be n(27). Suppose 5*y = s + 82. Suppose -24*f + y*f = -129. Is f a prime number?
False
Let p(s) = s**3 + s**2 + 4*s. Let x(r) = -3*r**3 - 7*r**2 - 27*r - 2. Let j(k) = -6*p(k) - x(k). Suppose 6 = -u - 4*g + g, -4*g - 19 = 5*u. Is j(u) prime?
True
Let v(s) = 1. Let o(l) = l**3 + 10*l**2 + 5*l + 12. Let m(t) = -o(t) + 5*v(t). Is m(-17) a composite number?
True
Suppose -29*y = -806993 - 1001186. Suppose y = 6*t - 3739. Is t a composite number?
True
Let n be (-23 - 3)/((-7)/(-28)). Let m = n + 4851. Is m prime?
False
Suppose -115*v - 25*v + 837*v - 109198293 = 0. Is v prime?
False
Let i(f) = 5*f**2 - 20*f + 53. Let u(a) = -8*a**2 + 40*a - 107. Let w(y) = 7*i(y) + 4*u(y). Is w(-22) a composite number?
True
Let c = -110 + 119. Suppose -8422 = -c*z + 6437. Is z a composite number?
True
Suppose -q + 376 = 4*w - 15, -5*w = -15. Is q a prime number?
True
Let q(n) = -3599*n**3 + 25*n**2 - 3*n + 3. Is q(-2) a composite number?
False
Let s(v) = 198*v - 89*v - 91*v + 51*v**2 + 42. Is s(-3) a prime number?
False
Suppose 42*h - 35*h = 371. Suppose 49663 + 44730 = h*s. Is s a composite number?
True
Suppose -4*j + 4*l + 25875 = -15729, j - 4*l - 10389 = 0. Is j a prime number?
False
Suppose -7*p = -11*p + 133984. Suppose b = 2*r + p, b - 6*b + 167495 = -5*r. Is (2/(-4))/((-7)/b) a composite number?
False
Let h(d) = 910*d**2 - 106*d - 7. Is h(6) a prime number?
True
Is (-524707)/(-7) - 1320/(-1540) composite?
False
Let g be (-301)/(-35) - 4/(-10). Let i(n) = 1 + 4*n + 2*n - 4 + 4*n + g*n**2. Is i(6) prime?
False
Suppose 5*u = 11*u - 36. Is (-2)/6 - ((-95252)/u - 2) a prime number?
True
Suppose -8*p = -3*p - 50. Suppose -226 = -3*w - p. Let n = w + 13. Is n composite?
True
Let c = 126646 - 44679. Is c composite?
False
Let a(q) = 6038*q**3 + 6*q**2 - 9*q - 9. Is a(2) prime?
False
Is 1509351 - (3/6)/(-2*(-4)/(-32)) a prime number?
True
Suppose 17*x = 23*x - 493140. Suppose 3*f - 5*w + 3*w = 49289, 5*w - x = -5*f. Is f a composite number?
False
Let y(c) = 5*c**2 - c + 3. Let i(h) = -6*h**2 + 14*h + 10. Let l(o) = 2*o**2 - 5*o - 3. Let p(t) = 3*i(t) + 10*l(t). Let z be p(5). Is y(z) composite?
True
Is 234440 + 34/(-10) + (-2)/(-5) + 8 a prime number?
False
Suppose -1 = -3*c + 5. Suppose 2*b + 8 = -c*b, 0 = -a + 5*b + 13. Is (49/a)/(4/12) composite?
True
Is ((-346)/(-14))/((-17)/(-9877)) prime?
False
Suppose 235*c = 230*c + 35. Let k(q) = 42*q**3 - 18*q**2 + 3*q + 26. Is k(c) a prime number?
False
Let x(q) = 350*q**2 + 3*q - 4. Suppose 5*d - 3 = 4*d - 5*o, d - 3*o = 3. Let z be x(d). Suppose -k = 4*k - z. Is k a composite number?
False
Suppose -w = -2*w + 2*t - 14, -2*w - 5*t = 10. Let x(l) = l**2 + 7*l - 18. Let z be x(w). Is ((-2738)/10)/(z/(-60)) composite?
True
Let u = 49 - 46. Suppose 2*v - 2*f + 0*f + 10 = 0, 0 = -2*v + u*f - 6. Let z(g) = -2*g**3 + 2*g**2 - 22*g + 3. Is z(v) a composite number?
True
Let f(r) = 4*r**2 - 7*r - 4. Let t be f(7). Suppose -2*v - t = 2387. Is (-1)/(0 + 5/v) prime?
False
Is 536/(-132) + 4 + 1749237/99 prime?
True
Suppose -21055 = -5*n - 2325. Let o = n + -2405. Is 0/(-5) + 5 + o a prime number?
False
Let w(m) = 2*m - 7. Suppose -p + 16 = 12. Let q be w(p). Is q/(-4*2/(-664)) a composite number?
False
Suppose -9*o = -o - 2000. Suppose 7*u = 4737 - o. Is u a prime number?
True
Is (-23)/(-1)*(-12)/(108/(-72477)) a composite number?
True
Suppose 3*x - 42105 = -4*a, -5*x - 25814 = a - 95972. Suppose 0 = -268*l + 277*l - x. Is l prime?
True
Let w(n) = -485*n + 5. Let g be w(5). Let q be 559/(-52) + 12 - (-15119)/4. Let a = g + q. Is a a prime number?
True
Let f(c) = -2562*c + 739. Is f(-55) composite?
False
Let r(z) be the first derivative of z**4/4 - 6*z**3 + 5*z**2 + 17*z - 13. Let b be r(18). Suppose 3*o = 934 + b. Is o prime?
False
Is 4/3*(-51)/204*-611283 prime?
Tru